 (base 2) in base 16?
183c03
What is 12101221101102 (base 3) in base 9?
5357342
-269962 (base 13) to base 12
-39133a
Convert 100000011000100101 (base 2) to base 6.
2502033
32016133 (base 8) to base 7
111665065
What is 35547 (base 8) in base 5?
441312
Convert -2110222010102 (base 3) to base 8.
-5016354
Convert -456741 (base 11) to base 15.
-e52e2
Convert 148808 (base 14) to base 3.
1100022211002
-132021330001 (base 4) to base 7
-124122502
What is 57333 (base 9) in base 6?
452433
What is 11121000202002 (base 3) in base 7?
26515205
What is -10a865 (base 13) in base 11?
-24a5a7
42782 (base 15) to base 3
101201100212
-6011230 (base 7) to base 2
-10101101000010010101
What is -92999 (base 10) in base 16?
-16b47
Convert -699098 (base 10) to base 16.
-aaada
-5771746 (base 8) to base 16
-17f3e6
Convert -112111301 (base 4) to base 5.
-10412010
-12110110222 (base 3) to base 8
-321771
484b7 (base 12) to base 3
11221201111
What is 27ab2d (base 15) in base 4?
13102022101
Convert 1313111123 (base 4) to base 5.
111120140
Convert 443023300 (base 6) to base 10.
7981524
Convert 12312122020 (base 4) to base 14.
34a5ba
Convert 12312003003 (base 4) to base 12.
726403
What is -31dbc (base 15) in base 8?
-465220
6517489 (base 10) to base 16
6372f1
-3502230 (base 8) to base 4
-3220102120
What is -2552041 (base 6) in base 8?
-417571
Convert -1074300 (base 14) to base 12.
-2747824
What is -551202 (base 11) in base 9?
-1581156
Convert -827630 (base 15) to base 2.
-10111101001111110110110
Convert 8c743d (base 14) to base 6.
250310235
-40043331 (base 5) to base 14
-82d74
-460070 (base 10) to base 12
-1a22b2
What is 417236 (base 10) in base 14?
ac0a8
Convert 717906 (base 13) to base 5.
1134111033
What is -1557270 (base 8) in base 11?
-2882a2
Convert -60654 (base 12) to base 7.
-1031302
Convert 6a2a2 (base 12) to base 11.
97848
Convert 120202032 (base 4) to base 3.
12002212000
-178730 (base 15) to base 3
-2011001001000
1c046 (base 16) to base 13
40307
What is -2d554a (base 16) in base 13?
-80037c
Convert 68cef (base 16) to base 4.
1220303233
65650 (base 10) to base 4
100001302
101111110111110110101 (base 2) to base 7
16222310
54410 (base 7) to base 12
7a38
-7dde2 (base 15) to base 5
-100321022
What is -112122112111 (base 3) in base 4?
-1012121122
-24143477 (base 8) to base 3
-100221221211220
-222240303 (base 6) to base 11
-2305283
What is 4455354 (base 7) in base 16?
86b32
2220342220 (base 5) to base 10
4855935
Convert -d43a2 (base 14) to base 11.
-31a00a
What is 13560176 (base 8) in base 4?
23232001332
Convert 318259 (base 11) to base 16.
7c34c
11352443 (base 7) to base 2
11110101001111110011
Convert 76d231 (base 16) to base 3.
112122121211112
Convert 12564131 (base 8) to base 11.
1650768
What is -22013210 (base 5) in base 8?
-560213
Convert aa7876 (base 13) to base 8.
17242410
Convert -11213374 (base 8) to base 4.
-21101123330
Convert -13ab8 (base 16) to base 3.
-11002112000
-113045 (base 12) to base 14
-7220d
What is 2403315 (base 6) in base 16?
1e8ff
21201333 (base 4) to base 7
221550
-113585b (base 12) to base 16
-327587
Convert 3165b (base 16) to base 12.
9910b
-941040 (base 10) to base 4
-3211233300
Convert 200200000012 (base 3) to base 14.
97c85
What is -2741879 (base 12) in base 4?
-131300032131
Convert 20210002102201 (base 3) to base 11.
2041619
What is 660740 (base 9) in base 15?
7bc43
Convert -1570b8 (base 13) to base 9.
-886455
What is 27422 (base 8) in base 9?
17468
What is -101101202020 (base 3) in base 9?
-341666
What is 10132021222 (base 4) in base 16?
11e26a
-557bbc (base 15) to base 4
-33203023311
-101230230013 (base 4) to base 11
-26897a3
-1240046 (base 7) to base 10
-160901
a9823a (base 11) to base 6
101324420
Convert -185845 (base 9) to base 5.
-12201441
What is -34213443 (base 5) in base 13?
-a8639
What is 5020501 (base 7) in base 16?
90d8d
What is 645e9 (base 16) in base 3?
202212221102
Convert 21001103 (base 4) to base 14.
d671
-5b353 (base 12) to base 11
-84605
What is -b5aa7 (base 14) in base 16?
-6b083
Convert 335405244 (base 6) to base 5.
3033103340
Convert a3a3b9 (base 12) to base 9.
4744136
Convert -a36335 (base 15) to base 2.
-11101101000001001001000
25112302 (base 6) to base 16
c3fce
-144080 (base 9) to base 10
-88281
What is -1023203431 (base 6) in base 16?
-a4b3ab
What is 11100100110000011 (base 2) in base 7?
665316
1002002122 (base 4) to base 12
11064a
2400140 (base 6) to base 14
33512
Convert 4479c4 (base 16) to base 12.
1605004
Convert 1b158 (base 15) to base 9.
143712
-1898187 (base 11) to base 9
-6021126
-222ec (base 16) to base 12
-69038
4845733 (base 9) to base 10
2628642
What is -69d525 (base 16) in base 12?
-23a5971
What is -1110000011101010 (base 2) in base 12?
-293a2
Convert -212101120 (base 4) to base 13.
-56476
Convert -1023265 (base 14) to base 5.
-3422140311
Convert -1411220 (base 6) to base 11.
-54692
What is -11100010021 (base 3) in base 5?
-10213011
-1102121012 (base 4) to base 13
-ba7bb
Convert -2e59d (base 16) to base 8.
-562635
What is -ab477c (base 13) in base 15?
-54b300
Convert 45aa37 (base 11) to base 5.
141410334
What is -70b63 (base 12) in base 7?
-1151010
216164 (base 10) to base 9
358462
Convert -12225463 (base 7) to base 6.
-35320541
Convert -10a5626 (base 14) to base 7.
-124251346
-523867 (base 9) to base 15
-6235d
Convert 2a2b2c (base 13) to base 14.
1ccddd
Convert -1a059 (base 15) to base 11.
-58501
-3182c0 (base 13) to base 6
-40512422
Convert 2cc30 (base 13) to base 3.
11100100122
Convert 18d7a (base 16) to base 4.
120311322
-13304502 (base 6) to base 5
-103204103
What is 15550450 (base 7) in base 13?
40a557
3206414 (base 7) to base 4
1132323122
Convert -3346225 (base 7) to base 2.
-1100101010110101011
What is -8bb8 (base 13) in base 16?
-4c82
Convert 221110112201 (base 3) to base 11.
312635
Convert -1bb2b4b (base 12) to base 11.
-33a9097
Convert 11212120102102 (base 3) to base 14.
4b5aba
Convert -1303443443 (base 5) to base 9.
-5887225
Convert 25405052 (base 6) to base 10.
825368
-80fc71 (base 16) to base 10
-8453233
-1101111101111110010011 (base 2) to base 10
-3661715
1a3a79 (base 12) to base 13
132915
What is 202002111030 (base 4) in base 7?
135560646
-9c168 (base 14) to base 3
-201020211120
What is 1265776 (base 8) in base 13?
c596a
Convert 24247a (base 12) to base 2.
10001110110000011110
5617227 (base 10) to base 8
25333113
What is 2322406 (base 10) in base 6?
121435514
Convert -12311201013 (base 4) to base 16.
-1b5847
-111010200010 (base 3) to base 16
-3f1fb
140656 (base 10) to base 9
233844
What is -498905 (base 14) in base 4?
-21213122321
Convert 17883 (base 10) to base 11.
12488
Convert -6a0aa (base 15) to base 4.
-1102123330
Convert 222220101001212 (base 3) to base 16.
da286e
What is 29a63a6 (base 11) in base 7?
61516106
What is 63964 (base 13) in base 6?
3503144
Convert 2111112020222 (base 3) to base 14.
268559
What is -2115161 (base 7) in base 4?
-332210321
4262724 (base 8) to base 6
40234340
Convert -1499304 (base 12) to base 13.
-b364c4
What is -198af0 (base 16) in base 14?
-318092
What is -8d639 (base 15) in base 4?
-1231323213
What is 28034 (base 10) in base 4?
12312002
Convert 10021222 (base 5) to base 2.
10011011011001010
10110000000111110 (base 2) to base 16
1603e
-7c244 (base 16) to base 7
-4215314
Convert -32034052 (base 6) to base 11.
-590730
What is 176514 (base 14) in base 11?
513261
121022001100 (base 3) to base 13
b3028
Convert 2003133230 (base 4) to base 14.
1003da
3186d (base 14) to base 2
11101001101101001
What is -3332112012 (base 4) in base 15?
-158a33
What is -15d96e (base 16) in base 11?
-898904
212111022020 (base 3) to base 13
13261b
Convert 112866 (base 9) to base 4.
100203000
Convert 171036 (base 9) to base 8.
316412
What is 305112 (base 8) in base 11?
69922
-1242100 (base 5) to base 14
-8daa
-416760 (base 10) to base 9
-704616
What is 20200120210 (base 3) in base 9?
220523
Convert -40000330 (base 5) to base 9.
-525712
Convert -2056510 (base 8) to base 9.
-1024845
-41835 (base 10) to base 14
-11363
What is -1bba87 (base 13) in base 4?
-2231230020
Convert 338188 (base 12) to base 2.
11001000110111111000
Convert -5428480 (base 9) to base 8.
-13070757
-280962 (base 14) to base 7
-14525252
What is 41712044 (base 8) in base 10?
8885284
What is 20001310030 (base 4) in base